-16*z**3 + 40*z**2 - 29*z - 10. Let k(h) = 2*n(h) - 11*p(h). Let o = 152 + -145. Give k(o).
9
Let b(m) = m**3 - 13*m**2 - 2*m - 16. Suppose 4 = -o, 16 = 3*w - 4*o - 39. What is b(w)?
-42
Let d(m) = -m + 7. Let y be d(0). Suppose 8*c - 54 = 3*c + 4*x, 4*x + 24 = 2*c. Let o(n) = 2*n + 7*n - c*n. What is o(y)?
-7
Let u(d) = -4297*d - 4264*d + 8582*d. Give u(-2).
-42
Suppose 5*q + 7 = 12*q. Let j(d) = -4*d - 1. Let t be j(q). Let k(l) = l + 5. What is k(t)?
0
Suppose -24*j - 225 = -249. Let o(y) = 15*y - 10. Calculate o(j).
5
Let y(w) = -7*w**2 + 9*w - 9. Let m(a) = -13*a**2 + 17*a - 17. Let x(v) = -6*m(v) + 11*y(v). Let u(r) = 1. Let s(c) = -4*u(c) + x(c). Determine s(3).
-1
Let c(t) = t - 15 - 2 + 0 + 6. Let g be c(13). Let l(y) = y**2 - 2*y. Determine l(g).
0
Let t(d) = d - 5. Let i = -1674 - -1678. What is t(i)?
-1
Let n(p) be the first derivative of p**3 + p + 47. Give n(1).
4
Let k(o) = -2*o**3 - 9*o**2 + o + o**3 - 2 - 2 + 17*o**2 - 6. Determine k(8).
-2
Let j = -326 + 328. Let p(u) = 19*u - 2. Calculate p(j).
36
Let i(z) = 11*z - 1. Suppose 3*w = -3*m + 78, 5*m - 51 = -4*w + 76. Suppose -28 = -5*b - m. Calculate i(b).
10
Let m(o) = -o**2 + 5*o - 2. Let f(j) = -j**2 - 4*j + 3. Let a be f(-4). Let z be m(a). Let l(r) = -2*r**2 + 5*r + 3. Calculate l(z).
-9
Let j = 85 + -151. Let a = j - -71. Let k(s) = s**3 - 4*s**2 - 2*s. Give k(a).
15
Let d be 38/8 + 4/16. Suppose 5*w - 49 = -0*m - 4*m, d*w - 37 = -2*m. Let r(n) = 8. Let y(k) = k + 20. Let a(x) = 5*r(x) - 2*y(x). Give a(m).
-12
Let w(d) = -d - d**3 + 2*d**2 + 5 - 6*d + 0*d**3 + d. Let q be w(2). Let x(a) = a**3 + 7*a**2 + a + 1. What is x(q)?
-6
Let c be 26/(-156) - 7*14/(-12). Let g(m) = -5*m - 3*m - m**3 + 3*m + c*m**2 - 1. Determine g(7).
13
Let f(b) = 4*b + 25. Let n be f(-6). Let s(t) = 1 + n + 11*t - 8 - 13*t. Give s(-7).
8
Let m(k) = -k**3 - 5*k**2 - k - 1. Let r be (-8)/(-5) + (-4)/(-10). Let d = -7 + r. Calculate m(d).
4
Let l(z) = z**2 - 6*z + 11. Let c = -363 + 367. Calculate l(c).
3
Suppose -15 = 5*q + 10. Let g be (2 + -2)/(q/(-5)). Suppose -3*w = -4*a - 23, g*w - 4*w = 4*a + 16. Let n(l) = -2*l**2 + 1. What is n(w)?
-1
Let n(v) be the first derivative of v**3/3 - 9*v**2/2 + 6*v + 1. Let o(w) = -w**3 + w**2 + 2*w + 6. Let m be o(0). Give n(m).
-12
Suppose -5*o - j + 21 = 0, -o + 24 = 3*o - j. Let k(p) = -2*p**2 - 4*p**2 + 1 + 5*p**2 - o*p. Suppose -3*y + 102 = -20*y. Give k(y).
-5
Let q(w) be the second derivative of -w**5/20 - 5*w**4/12 - 5*w**3/6 - w**2/2 - w + 392. Let g be (-60)/14 - (-4)/14. What is q(g)?
3
Let z(f) be the first derivative of f**4/12 + f**3/2 + 11*f**2 + 9. Let d(b) be the second derivative of z(b). Calculate d(-5).
-7
Let k(v) = 9*v**3 + v**2 - 1. Suppose 3*o = 27*o + 24. Give k(o).
-9
Let k(v) be the first derivative of v**3/3 + 3*v**2 + 2*v + 1. Suppose 2*a - 5*z = a - 30, 4*a - z + 120 = 0. Let u = -35 - a. Give k(u).
-3
Let s = -16 - -22. Suppose 4*m + 6 + s = 0. Let y(d) = 3*d + 3. Let x(w) = -2*w - 1. Let k(t) = m*y(t) - 5*x(t). Calculate k(-4).
-8
Let h(p) = 4*p - 20. Let g(z) = z - 11. Let c(b) = 7*g(b) - 4*h(b). Give c(-2).
21
Let c be -2 + 24 - (1 - 0). Let m = c + -18. Let d(z) = -z**2 - 2*z**m - 2*z - z - 2*z**2 - 2. Give d(-2).
8
Let l be 30 + 2 - ((-1)/1 - -3). Suppose -h + 7*h = l. Let d(y) = -y**2 + 3*y + 5 - 3 - 7 + 4. What is d(h)?
-11
Suppose 0 = -4*c - 9*l + 8*l + 21, -c = 2*l - 7. Let i(d) = d**3 - 5*d**2 - 6*d - 1. What is i(c)?
-31
Let w(q) = -q**3 + 5*q**2 - 5. Let d(s) = -5*s**3 + 2*s**2 - s + 1. Let k be d(1). Let b be (5 + 0 + k)*2. Give w(b).
11
Let f(y) = -y**2 + 6*y - 5. Suppose 137*x = 116*x + 168. Give f(x).
-21
Let i(n) be the third derivative of n**6/120 + n**5/12 - n**4/24 - 7*n**3/6 - 152*n**2. Calculate i(-6).
-37
Let u(l) = l**2 + 13*l + 24. Let f be u(-10). Let r(w) be the third derivative of w**4/12 - w**3/3 - 93*w**2. What is r(f)?
-14
Let q(i) = -i**3 + i**2 - 4. Let y(a) = a**2. Let o(c) = 4*c**2 - 3*c + 10. Let j(m) = -o(m) + 5*y(m). Let t be j(-5). What is q(t)?
-4
Let v(t) = -t**3 - 5*t**2 + 3. Suppose 5*h = -5*a + 70, 0*a = -3*h + a + 62. Let w = 42 - h. Let z be w/(-5) + (-8)/20. Determine v(z).
3
Let z(s) = -20*s + 11. Let p(c) = -9*c + 5. Let y(w) = 13*p(w) - 6*z(w). What is y(-1)?
-4
Let f(v) = 7*v - 2. Let h = 88 + -84. Suppose u + 4*b + 2 = h, -3*b = 3*u - 6. Determine f(u).
12
Let r(c) = c**2 + 7*c - 7. Let z(l) = 2*l**2 + 10*l - 7. Let t(m) = -5*r(m) + 4*z(m). Calculate t(-3).
19
Let m(j) = -3*j**3 + 5*j**2 - 4*j - 7. Let o(r) = r**3 - r**2 + 1. Let z be 1/(-2) - 18/(-4). Let h(v) = z*o(v) + m(v). Suppose -7*a = -a + 12. What is h(a)?
1
Let t(z) = -4*z - 7. Let y be t(-3). Let l(i) = 14*i - 2*i + y - 13*i + 2. Determine l(0).
7
Let b = 8 - 35. Let n = b + 34. Let o(d) = d. Give o(n).
7
Let f(d) = -35*d. Suppose 205 = -26*m + 179. Calculate f(m).
35
Let i(c) = 2*c + 7. Let y(k) = -k**3 - 2*k - 7. Let r be y(0). Calculate i(r).
-7
Suppose -5*j + 54 + 81 = 0. Let o = 31 - j. Let d(g) = -3*g + 12. Let l(y) = -8*y + 30. Let s(n) = 12*d(n) - 5*l(n). Give s(o).
10
Let p(d) = 15 + 15 - d + 2*d - 31. Let g be -4 + -2 + 0 - 1. Calculate p(g).
-8
Let d(w) = -w**2 + 6*w + 2. Let o be (-2 + 3)/((-3)/(-18)). Let k be d(o). Let i(p) = 3*p + 2 - 2*p - 25*p**2 + p**3 + 41*p**2 - 19*p**2. Calculate i(k).
0
Let u(m) = -5*m**3 + m + 5 - 5*m**2 + 6*m + 3 + 4*m**3 + 4*m. What is u(-7)?
29
Let p(k) = k**2 + 5*k + 3. Let m(f) = 2 - f + 2*f - 5. Let j be m(4). Suppose -5*d - 11 + j = 0. Determine p(d).
-3
Let t(n) = -4*n - 2*n + 7*n. Let v(d) = -d**3 - 49*d**2 + 4*d + 192. Let w be v(-49). Determine t(w).
-4
Suppose -29*g = 29 - 203. Let n(i) be the third derivative of 1/2*i**3 + 7*i**2 - 1/4*i**4 + 1/120*i**g + 0*i + 0 - 1/20*i**5. Determine n(4).
-5
Let i(w) = -2*w + 1. Suppose -t = -5*s + 46, 2*t = -5*s + 3*s + 28. Suppose s*m = 8*m - 6. Determine i(m).
7
Suppose -38*j + 1761 = 1609. Let d(m) be the first derivative of m**4/4 - 5*m**3/3 + 5*m**2/2 - 5*m - 1. Determine d(j).
-1
Let r be -6*2/(-4) - 1. Suppose -4 = -r*z + z. Let o(y) be the second derivative of y**3/2 - 3*y**2 + 11*y - 13. Give o(z).
6
Let k(i) = -4*i**3 - 38*i - 3 + 2 + 18*i**3 + 21*i + 18*i. What is k(1)?
14
Let t(q) = q**2 - 4*q + 2. Let s(m) = -m**2 - 26*m + 3. Let x be s(-26). What is t(x)?
-1
Let z(k) = -k + 4. Suppose 5*w + 7 = 22. Determine z(w).
1
Let j be (5/(-150)*-6)/((-1)/(-35)). Let q(p) = p**3 - 8*p**2 + 8*p + 3. Determine q(j).
10
Let v(g) = 39*g + 40. Let s be v(-1). Let a(m) be the second derivative of 8*m**3/3 - m**2/2 + m. Give a(s).
15
Let i(g) = 60 + 54 - g**3 + g**2 - 134. Suppose 3*y - 5 = 4*t + 2*y, 3*y = -t + 15. Give i(t).
-20
Let u be 0*(5 - (-3 - -7)). Let t(i) = -i**3 + i**2 + 5. What is t(u)?
5
Let j(w) = -w**2 - 8*w + 29. Let t be j(-9). Let n be ((1 + -2)*-1)/(4/t). Let a(v) = -3*v + 3. Determine a(n).
-12
Let b(f) = 6*f**2 + 4*f + 2. Let k be 6 - 2 - (-1 + 1 + -1). Let q = k + -7. Determine b(q).
18
Let t(o) = o**2 - 5*o + 6. Let q be t(3). Suppose 8 + q = -4*f. Let n(p) = 2*p + 2. Give n(f).
-2
Suppose 14*d - 4 = 15*d + 3*g, 20 = 5*d + 5*g. Let j(k) = k**2 - 10*k - 9. Calculate j(d).
-25
Let v(i) = -8*i**2 - 8*i - 4. Let h be (-2)/(-9) - (-780)/(-108). Let w(r) = -7*r**2 - 7*r - 3. Let c(o) = h*w(o) + 6*v(o). Give c(0).
-3
Let v = 16 + -21. Let a(j) = 5*j**3 - 4*j**2 + j - 1. Let o(t) = 14*t**3 - 12*t**2 + 4*t - 2. Let f(l) = -17*a(l) + 6*o(l). Give f(v).
-5
Let n = 12 + -8. Suppose 3*k - 17 = -2*y - 2*y, 0 = -n*y + 8. Let l(u) = 2*u**2 - u + 2. Determine l(k).
17
Let i(n) be the third derivative of -n**5/12 + n**4/12 - n**3/2 - n**2 + 32. Determine i(2).
-19
Suppose -6 = -8*c + 10. Let t(b) be the third derivative of b**6/120 - b**5/30 + b**4/6 - b**3/3 - 2*b**2. Give t(c).
6
Suppose 31*k = 26*k - 5*s + 35, 3*s + 27 = 5*k. Let b(l) be the second derivative of 2*l - 5*l**2 + 0 + 1/6*l**3. Give b(k).
-4
Let l(k) be the first derivative of -k**2/2 - 2*k - 81. What is l(2)?
-4
Suppose -4*z + 20 = -2*g, 6*g + 58 = g + 2*z. Suppose -5*m + 56 = 3*m. Let f = g + m. Let t(i) = -3*i. What is t(f)?
15
Let q(n) = -n**3 + 3*n**2 + 5*n - 6. Let u be (19 - -9)/(1*2). Let b be 60/u - 6/21. What is q(b)?
-2
Suppose 5*f - 5*s - 135 = 0, s = 4*f + 2*s - 98. Let d be 14/(-5)*f/(-10). Suppose -w + d*w = 30. Let k(l) = l**2 - 6*l + 7. Det